?
584
What is the greatest common factor of 140 and 17495?
5
Calculate the greatest common divisor of 4015 and 4405550.
365
Calculate the highest common divisor of 190 and 2753404.
38
What is the greatest common divisor of 3360 and 240308320?
1120
Calculate the highest common factor of 549 and 15362667.
549
What is the highest common factor of 475765416 and 2494?
2494
Calculate the highest common divisor of 2253 and 47274699.
2253
What is the greatest common factor of 70 and 11705830?
10
Calculate the greatest common divisor of 2584714 and 83402.
374
What is the highest common factor of 5328 and 658267?
37
What is the highest common divisor of 179417 and 77?
7
What is the highest common divisor of 26779 and 68259?
61
What is the highest common factor of 42048432 and 101008?
1712
Calculate the greatest common factor of 330 and 45920985.
165
What is the greatest common factor of 811596 and 456?
12
Calculate the greatest common factor of 1507754 and 64558.
382
What is the greatest common factor of 30 and 52211361?
3
What is the greatest common factor of 47423300 and 388?
388
What is the greatest common factor of 1592775 and 1584?
9
What is the highest common divisor of 7174 and 110564?
422
Calculate the greatest common factor of 781864 and 3672.
136
Calculate the highest common factor of 3236420 and 185.
5
Calculate the greatest common factor of 10880 and 127206240.
2720
What is the highest common factor of 165107455 and 30475?
6095
Calculate the highest common factor of 7518830 and 1826.
22
What is the highest common divisor of 323 and 1084121?
19
Calculate the highest common divisor of 26716602 and 133734.
4314
Calculate the greatest common divisor of 7 and 43247526.
7
Calculate the highest common factor of 98658 and 134136.
486
What is the highest common divisor of 44 and 2144901?
11
What is the highest common divisor of 14651 and 229593?
91
What is the highest common divisor of 153 and 6548901?
3
What is the greatest common factor of 65250 and 2396502?
522
What is the greatest common factor of 13694984 and 91274?
1942
What is the greatest common factor of 1520034 and 38628?
222
What is the greatest common divisor of 203740524 and 39?
39
Calculate the highest common factor of 19054116 and 972.
972
Calculate the highest common factor of 731 and 685076.
43
Calculate the greatest common factor of 206 and 197186.
2
What is the greatest common factor of 155620405 and 13210?
6605
What is the greatest common divisor of 4597041 and 856?
107
Calculate the greatest common factor of 138623552 and 142400.
5696
What is the highest common factor of 216282 and 27318?
174
Calculate the highest common factor of 42395676 and 60.
12
What is the highest common divisor of 1285 and 227031487?
257
What is the greatest common factor of 1731 and 140119257?
1731
What is the greatest common factor of 17 and 263463263?
17
What is the highest common divisor of 12 and 11669922?
6
Calculate the greatest common divisor of 5844 and 138002164.
1948
Calculate the greatest common divisor of 88 and 67664696.
88
Calculate the greatest common factor of 893329425 and 15.
15
Calculate the highest common factor of 44354 and 23986.
134
Calculate the highest common factor of 260 and 6023368.
52
What is the greatest common divisor of 153193 and 3144601?
307
What is the highest common divisor of 3286168 and 38396?
1324
Calculate the highest common divisor of 7 and 5707919.
7
Calculate the highest common factor of 2779 and 26476327.
397
What is the greatest common divisor of 630421 and 200717?
2827
What is the greatest common factor of 78368992 and 944?
944
Calculate the greatest common factor of 238 and 1679258.
14
Calculate the highest common factor of 4846824 and 3672.
216
Calculate the greatest common divisor of 27025176 and 808.
808
What is the greatest common divisor of 246456 and 7749?
189
Calculate the highest common factor of 3836233 and 76.
19
Calculate the greatest common factor of 66555 and 23429825.
2465
What is the highest common factor of 72 and 1410894?
18
What is the highest common divisor of 18593 and 3?
1
Calculate the highest common factor of 186625 and 255303.
1493
What is the greatest common divisor of 43581 and 224074?
199
Calculate the greatest common divisor of 81 and 3977613.
27
Calculate the highest common divisor of 3267 and 1391391.
27
Calculate the greatest common divisor of 2220 and 20730.
30
What is the highest common factor of 20 and 60669328?
4
Calculate the greatest common factor of 29519688 and 264.
264
Calculate the greatest common factor of 88 and 525555932.
44
What is the highest common factor of 3409 and 697621169?
3409
Calculate the greatest common divisor of 270682713 and 11766.
5883
What is the greatest common divisor of 528105 and 8175?
1635
What is the greatest common divisor of 36348873 and 1122?
561
Calculate the highest common divisor of 824879 and 175398.
1271
Calculate the highest common factor of 58914112 and 204.
68
What is the greatest common factor of 88274 and 265259?
437
Calculate the highest common factor of 15466875 and 9375.
1875
What is the highest common factor of 154 and 69231778?
154
What is the highest common factor of 38100 and 100900?
100
What is the greatest common divisor of 15496524 and 738?
738
What is the greatest common divisor of 565310 and 18190?
10
What is the greatest common divisor of 4978534 and 506?
506
What is the greatest common divisor of 233386646 and 2?
2
Calculate the greatest common factor of 11235020 and 31.
31
What is the greatest common factor of 200853 and 20382?
129
Calculate the highest common factor of 7353 and 22929105.
2451
What is the highest common factor of 97419 and 233205?
21
What is the highest common factor of 1552 and 31734811?
97
What is the greatest common factor of 26424738 and 1971?
27
Calculate the greatest common factor of 1472823 and 21489.
1653
What is the greatest common divisor of 134253 and 31437?
63
Calculate the highest common factor of 474800837 and 1666.
833
What is the greatest common divisor of 202 and 2270278?
202
Calculate the greatest common divisor of 144 and 476509920.
48
Calculate the greatest common divisor of 136556993 and 2708.
677
What is the greatest common divisor of 3911850 and 350?
50
What is the greatest common divisor of 1672 and 60781000?
152
What is the highest common factor of 13470 and 28134340?
4490
Calculate the greatest common factor of 144 and 1602468.
36
What is the highest common divisor of 189 and 60572484?
63
What is the greatest common factor of 10110732 and 281652?
5748
Calculate the highest common divisor of 2100 and 30558150.
1050
Calculate the highest common factor of 347438 and 35345135.
13363
What is the highest common divisor of 80 and 11665680?
80
What is the highest common divisor of 778 and 8339382?
778
Calculate the highest common divisor of 49815 and 2987685.
1215
Calculate the greatest common factor of 8460 and 1466776.
188
Calculate the highest common divisor of 1715577735 and 114.
57
What is the greatest common divisor of 31324824 and 13480?
2696
Calculate the highest common factor of 570321675 and 825.
825
What is the highest common factor of 490279 and 113283?
307
Calculate the greatest common divisor of 15180 and 209461230.
7590
Calculate the highest common divisor of 4488 and 1966611.
51
Calculate the greatest common factor of 3537975 and 1785.
105
Calculate the highest common factor of 15552750 and 3738.
534
Calculate the greatest common factor of 1709843 and 5083.
391
Calculate the greatest common factor of 360 and 5272425.
45
Calculate the greatest common factor of 127274245 and 355.
355
What is the greatest common factor of 30020923 and 473?
43
Calculate the highest common divisor of 600 and 28316800.
200
What is the highest common divisor of 237731 and 481?
13
Calculate the greatest common divisor of 435968 and 42444.
524
Calculate the greatest common divisor of 60291 and 7903863.
2871
Calculate the highest common factor of 336 and 32521664.
112
What is the highest common divisor of 171 and 25135347?
57
What is the highest common factor of 35994610 and 68?
34
Calculate the greatest common factor of 691797 and 4539.
267
What is the highest common divisor of 44599 and 41509?
103
Calculate the highest common factor of